{"id":3,"date":"2024-12-26T18:17:03","date_gmt":"2024-12-26T18:17:03","guid":{"rendered":"https:\/\/xrgroup.offagency.it\/?page_id=3"},"modified":"2025-06-09T15:25:06","modified_gmt":"2025-06-09T15:25:06","slug":"privacy-policy","status":"publish","type":"page","link":"https:\/\/xrgroup.offagency.it\/?page_id=3","title":{"rendered":"Privacy Policy"},"content":{"rendered":"<div class=\"fusion-fullwidth fullwidth-box fusion-builder-row-1 fusion-flex-container nonhundred-percent-fullwidth non-hundred-percent-height-scrolling\" style=\"--awb-border-radius-top-left:0px;--awb-border-radius-top-right:0px;--awb-border-radius-bottom-right:0px;--awb-border-radius-bottom-left:0px;--awb-flex-wrap:wrap;\" ><div class=\"fusion-builder-row fusion-row fusion-flex-align-items-flex-start fusion-flex-content-wrap\" style=\"max-width:1372.8px;margin-left: calc(-4% \/ 2 );margin-right: calc(-4% \/ 2 );\"><div class=\"fusion-layout-column fusion_builder_column fusion-builder-column-0 fusion_builder_column_1_1 1_1 fusion-flex-column\" style=\"--awb-bg-size:cover;--awb-width-large:100%;--awb-margin-top-large:0px;--awb-spacing-right-large:1.92%;--awb-margin-bottom-large:0px;--awb-spacing-left-large:1.92%;--awb-width-medium:100%;--awb-spacing-right-medium:1.92%;--awb-spacing-left-medium:1.92%;--awb-width-small:100%;--awb-spacing-right-small:1.92%;--awb-spacing-left-small:1.92%;\"><div class=\"fusion-column-wrapper fusion-flex-justify-content-flex-start fusion-content-layout-column\"><div class=\"fusion-text fusion-text-1\"><div class=\"site-inner\">\n<div class=\"content-sidebar-wrap\"><main id=\"genesis-content\" class=\"content entry-content\"><\/p>\n<article class=\"post-1221 page type-page status-publish entry\" aria-label=\"Privacy\">\n<div class=\"entry-content\">\n<p><strong>NFORMATIVA PRIVACY<\/strong><\/p>\n<p><strong>AI SENSI DELL\u2019ARTICOLO 13 E 14 DEL REGOLAMENTO (UE) 2016\/679<\/strong><\/p>\n<p>Gentile Utente,<\/p>\n<p>ai sensi degli articoli 13 e 14 del Regolamento UE 2016\/679 (cd.\u00a0<strong>GDPR<\/strong>) la informiamo sulle modalit\u00e0 con le quali tratteremo i suoi dati personali:<\/p>\n<p><strong><em>Chi tratter\u00e0 i suoi dati personali?<\/em><\/strong><\/p>\n<p>I suoi dati personali saranno trattati da Idea Prestito S.r.l. (di seguito, anche solo \u201c<strong>Idea Prestito<\/strong>\u201d), con sede legale in 20135 Milano (MI), Via Augusto Anfossi n\u00b036, che agir\u00e0 in qualit\u00e0 di \u201c<strong>Titolare del trattamento<\/strong>\u201d; lei potr\u00e0 contattare il Titolare del trattamento all\u2019indirizzo e-mail: <span class=\"apbct-email-encoder\" title=\"This contact has been encoded by Anti-Spam by CleanTalk. Click to decode. To finish the decoding make sure that JavaScript is enabled in your browser.\" data-original-string=\"2eZj8VpzzKl59WPRmPvpQQ==0f3svg+kuNIHiF9Iu8icqEUKZMkw7SL6If\/fbP+iOk1x84=\">di<span class=\"apbct-blur\">reione<\/span>@<span class=\"apbct-blur\">ideapresti<\/span>to.com<\/span>.<\/p>\n<p>Il trattamento potr\u00e0 avvenire, in nome e per conto di \u201c<strong>Idea Prestito<\/strong>\u201d, anche da parte di altri soggetti nominati a tal fine \u201c<strong>Responsabili del trattamento<\/strong>\u201d, appartenenti alle seguenti categorie: fornitori di servizi informatici.<\/p>\n<p><strong><em>Come e perch\u00e9 saranno trattati i suoi dati?<\/em><\/strong><\/p>\n<p>I tuoi dati \u2013 con riferimento a ciascuna specifica finalit\u00e0 \u2013 saranno trattati come segue:<\/p>\n<table id=\"tablepress-2\" class=\"tablepress tablepress-id-2\">\n<thead>\n<tr class=\"row-1\">\n<th class=\"column-1\"><strong>FINALIT\u00c0<\/strong><\/th>\n<th class=\"column-2\"><strong>DATI<\/strong><\/th>\n<th class=\"column-3\"><strong>BASE GIURIDICA<\/strong><\/th>\n<th class=\"column-4\"><strong>CONSERVAZIONE<\/strong><\/th>\n<\/tr>\n<\/thead>\n<tbody class=\"row-striping row-hover\">\n<tr class=\"row-2\">\n<td class=\"column-1\">Richiesta preventivo<\/td>\n<td class=\"column-2\">Anagrafici Contatti Cookies (finalit\u00e0 5)<\/td>\n<td class=\"column-3\">Esecuzione di un contratto<\/td>\n<td class=\"column-4\">10 anni dall\u2019ultimo contatto<\/td>\n<\/tr>\n<tr class=\"row-3\">\n<td class=\"column-1\">Riscontro a richieste di contatto (\u201cContatti\u201d)<\/td>\n<td class=\"column-2\">Esecuzione di un contratto<\/td>\n<td class=\"column-3\">10 anni dall\u2019ultimo contatto<\/td>\n<td class=\"column-4\">\u00a0<\/td>\n<\/tr>\n<tr class=\"row-4\">\n<td class=\"column-1\">Area \u201c<em>Lavora con noi<\/em>\u201d<\/td>\n<td class=\"column-2\">Esecuzione di un contratto<\/td>\n<td class=\"column-3\">10 anni dall\u2019ultimo contatto<\/td>\n<td class=\"column-4\">\u00a0<\/td>\n<\/tr>\n<tr class=\"row-5\">\n<td class=\"column-1\">Riscontro a richieste di contatto tramite canali social (Facebook, Whatsapp e Twitter)<\/td>\n<td class=\"column-2\">Consenso (prestato al social network)<\/td>\n<td class=\"column-3\">Fino alla revoca del consenso<\/td>\n<td class=\"column-4\">\u00a0<\/td>\n<\/tr>\n<tr class=\"row-6\">\n<td class=\"column-1\">Agevolazione nella navigazione (cookies) \u2013 per maggiori dettagli si rimanda alla Cookie Policy<\/td>\n<td class=\"column-2\">Interesse legittimo<\/td>\n<td class=\"column-3\">Fino al termine della navigazione<\/td>\n<td class=\"column-4\">\u00a0<\/td>\n<\/tr>\n<tr class=\"row-7\">\n<td class=\"column-1\">Manutenzione, funzionamento e sicurezza dei sistemi informatici<\/td>\n<td class=\"column-2\">Interesse legittimo Obbligo legale del titolare<\/td>\n<td class=\"column-3\">Fino al termine dell\u2019intervento<\/td>\n<td class=\"column-4\">\u00a0<\/td>\n<\/tr>\n<\/tbody>\n<\/table>\n<p><strong>Le specifichiamo, inoltre, quanto segue:<\/strong><\/p>\n<p><strong>CONFERIMENTO<\/strong><\/p>\n<p>In tutti quei casi in cui chiediamo il consenso al trattamento dei suoi dati personali, il loro conferimento \u00e8 meramente facoltativo. Di conseguenza, il mancato conferimento dei suoi dati personali non avr\u00e0 conseguenze, se non in termini di impossibilit\u00e0 di trattare i dati per tali specifiche finalit\u00e0. In tutti gli altri casi in cui non richiediamo il consenso al trattamento dei suoi dati personali, il loro conferimento \u00e8 invece obbligatorio e necessario per adempiere a disposizioni contrattuali o di legge e ai fini del corretto svolgimento dell\u2019attivit\u00e0 aziendale. Di conseguenza, il mancato conferimento non renderebbe possibile adempiere a tali prescrizioni e svolgere correttamente le attivit\u00e0 aziendali.<\/p>\n<p><strong>CATEGORIE DI DESTINATARI<\/strong><\/p>\n<p>Non sono previsti ulteriori destinatari rispetto ai responsabili del trattamento.<\/p>\n<p><strong>PROCEDIMENTI DECISIONALI AUTOMATIZZATI<\/strong><\/p>\n<p>Non sono previsti procedimenti decisionali automatizzati.<\/p>\n<p><strong>TRASFERIMENTI EXTRA UE<\/strong>\u00a0<strong>O A ORGANIZZAZIONI INTERNAZIONALI<\/strong><\/p>\n<p>Non sono previsti trasferimenti extra UE.<\/p>\n<p><strong>LEGITTIMI INTERESSI DEL TITOLARE<\/strong><\/p>\n<p>Il legittimo interesse del titolare indicato per la finalit\u00e0 di cui al numero\u00a0<strong>5:<\/strong>\u00a0\u00e8 il corretto e fluido funzionamento del sito;\u00a0<strong>6:<\/strong>\u00a0\u00e8 il corretto e sicuro svolgimento dell\u2019attivit\u00e0 aziendale.<\/p>\n<p><strong><em>Quali saranno i suoi diritti?<\/em><\/strong><\/p>\n<p>Lei potr\u00e0 esercitare i seguenti diritti inviando specifica richiesta al Titolare del trattamento all\u2019indirizzo e-mail: <span class=\"apbct-email-encoder\" title=\"This contact has been encoded by Anti-Spam by CleanTalk. Click to decode. To finish the decoding make sure that JavaScript is enabled in your browser.\" data-original-string=\"W0VLUqmQh4qrC7O7ODI8gg==0f356KIGCldu8NRhtb6LYkP1VthNW7EY5cFlLMJTcTEv3I=\">di<span class=\"apbct-blur\">rezione<\/span>@<span class=\"apbct-blur\">ideapresti<\/span>to.com<\/span>.<\/p>\n<table id=\"tablepress-1\" class=\"tablepress tablepress-id-1\">\n<thead>\n<tr class=\"row-1\">\n<th class=\"column-1\"><strong>DIRITTO<\/strong><\/th>\n<th class=\"column-2\"><strong>DESCRIZIONE<\/strong><\/th>\n<\/tr>\n<\/thead>\n<tbody class=\"row-striping row-hover\">\n<tr class=\"row-2\">\n<td class=\"column-1\"><strong>ACCESSO\u00a0(<em>cfr. Articolo 15 GDPR)<\/em><\/strong><\/td>\n<td class=\"column-2\">Diritto di avere conferma dell\u2019esistenza o meno del trattamento e di accedere ai dati stessi ed alle informazioni relative a: finalit\u00e0 del trattamento, categorie di dati trattati, eventuali destinatari, eventuali trasferimenti ed eventuali adeguate garanzie, periodo di conservazione, diritti dell\u2019interessato, eventuale esistenza di un processo decisionale automatizzato. Il Titolare del trattamento fornisce una copia dei dati personali. Se la richiesta avviene mediante mezzi elettronici, e salvo indicazione diversa, le informazioni sono fornite in un formato elettronico di uso comune.<\/td>\n<\/tr>\n<tr class=\"row-3\">\n<td class=\"column-1\"><strong>RETTIFICA\u00a0(<em>cfr. Articolo 16 GDPR)<\/em><\/strong><\/td>\n<td class=\"column-2\">Diritto di ottenere la rettifica dei dati personali inesatti e l\u2019integrazione dei dati personali incompleti.<\/td>\n<\/tr>\n<tr class=\"row-4\">\n<td class=\"column-1\"><strong>CANCELLAZIONE\u00a0(<em>cfr. Articolo 17 GDPR)<\/em><\/strong><\/td>\n<td class=\"column-2\">Diritto di ottenere la cancellazione dei dati personali che riguardano l\u2019interessato se: non sono pi\u00f9 necessari rispetto alle finalit\u00e0, revoca il consenso (e non sussiste altro fondamento giuridico per il trattamento), si oppone al trattamento per motivi connessi alla sua situazione particolare (e non sussiste alcun motivo legittimo prevalente), si oppone al trattamento per finalit\u00e0 di marketing diretto, i dati personali sono trattati illecitamente, devono essere cancellati per adempiere un obbligo legale, sono stati raccolti relativamente all\u2019offerta di servizi della societ\u00e0 dell\u2019informazione. Il diritto non si applica se il trattamento \u00e8 necessario per l\u2019esercizio del diritto alla libert\u00e0 di espressione e di informazione, per l\u2019adempimento di un obbligo legale, per l\u2019esecuzione di un compito svolto nel pubblico interesse oppure nell\u2019esercizio di pubblici poteri, per motivi di interesse pubblico nel settore della sanit\u00e0, a fini di archiviazione nel pubblico interesse, di ricerca scientifica o storica o a fini statistici, per l\u2019accertamento, l\u2019esercizio o la difesa di un diritto in sede giudiziaria.<\/td>\n<\/tr>\n<tr class=\"row-5\">\n<td class=\"column-1\"><strong>LIMITAZIONE\u00a0(<em>cfr. Articolo 18 GDPR)<\/em><\/strong><\/td>\n<td class=\"column-2\">Diritto a richiedere la sola conservazione del dato se: l\u2019interessato ha contestato l\u2019esattezza dei dati (per il periodo necessario per verificarne l\u2019esattezza), il trattamento \u00e8 illecito (ma l\u2019interessato ha richiesto la limitazione anzich\u00e9 la cancellazione), i dati sono necessari all\u2019interessato in sede giudiziaria e, bench\u00e9 il titolare non ne abbia pi\u00f9 bisogno, ha esercitato il diritto di opposizione (mentre il titolare verifica l\u2019esistenza di motivi legittimi e prevalenti)<\/td>\n<\/tr>\n<tr class=\"row-6\">\n<td class=\"column-1\"><strong>OPPOSIZIONE\u00a0(<em>cfr. Articolo 20 GDPR)<\/em><\/strong><\/td>\n<td class=\"column-2\">Diritto di opporsi al trattamento dei propri dati se (i) esso \u00e8 basato su interesse pubblico o interesse legittimo e (ii) se i dati sono trattati per finalit\u00e0 di marketing diretto, compresa la profilazione.<\/td>\n<\/tr>\n<tr class=\"row-7\">\n<td class=\"column-1\"><strong>PORTABILITA\u2019\u00a0(<em>cfr. Articolo 21 GDPR)<\/em><\/strong><\/td>\n<td class=\"column-2\">Diritto a ricevere i dati in un formato strutturato (solo per i trattamenti automatizzati).<\/td>\n<\/tr>\n<tr class=\"row-8\">\n<td class=\"column-1\"><strong>REVOCA DEL CONSENSO\u00a0<em>(cfr. Articolo 13, c.2, d)<\/em><\/strong><\/td>\n<td class=\"column-2\">Diritto a revocare il consenso in qualsiasi momento, ove previsto come base giuridica, senza pregiudicare la liceit\u00e0 del trattamento basata su di esso prima della revoca.<\/td>\n<\/tr>\n<tr class=\"row-9\">\n<td class=\"column-1\"><strong>RECLAMO\u00a0<em>(cfr. Articolo 13, c.2, d)<\/em><\/strong><\/td>\n<td class=\"column-2\">Diritto di proporre reclamo all\u2019Autorit\u00e0 Garante per ogni presunta violazione del GDPR.<\/td>\n<\/tr>\n<\/tbody>\n<\/table>\n<p><strong>MODULI DI PRESA VISIONE<\/strong><\/p>\n<p>E\u2019 necessario inserire in calce ai diversi form di contatto la seguente frase da sottoscrivere a cura dell\u2019utente del sito tramite flag, prima del trattamento.<\/p>\n<\/div>\n<\/article>\n<p><\/main><\/div>\n<\/div>\n<div align=\"justify\">\n<p>Annuncio pubblicitario con finalit\u00e0 promozionale. Per tutte le condizioni contrattuali ed economiche del finanziamento e dell\u2019eventuale polizza assicurativa facoltativa consultare rispettivamente le \u201cInformazioni europee di base sul credito ai consumatori\u201d, i \u201cFogli Informativi\u201d e i \u201cSet informativi\u201d presso le Filiali o gli Agenti della Banca. L&#8217;agente in attivit\u00e0 finanziaria pu\u00f2 svolgere la promozione e la conclusione di contratti relativi alla concessione di finanziamenti nell&#8217;ambito del credito al consumo e assume stabilmente l\u2019incarico di promuovere la conclusione di contratti esclusivamente nel territorio nazionale.<\/p>\n<\/div>\n<\/div><\/div><\/div><\/div><\/div>\n","protected":false},"excerpt":{"rendered":"","protected":false},"author":1,"featured_media":0,"parent":0,"menu_order":0,"comment_status":"closed","ping_status":"open","template":"","meta":{"content-type":"","footnotes":""},"class_list":["post-3","page","type-page","status-publish","hentry"],"_links":{"self":[{"href":"https:\/\/xrgroup.offagency.it\/index.php?rest_route=\/wp\/v2\/pages\/3","targetHints":{"allow":["GET"]}}],"collection":[{"href":"https:\/\/xrgroup.offagency.it\/index.php?rest_route=\/wp\/v2\/pages"}],"about":[{"href":"https:\/\/xrgroup.offagency.it\/index.php?rest_route=\/wp\/v2\/types\/page"}],"author":[{"embeddable":true,"href":"https:\/\/xrgroup.offagency.it\/index.php?rest_route=\/wp\/v2\/users\/1"}],"replies":[{"embeddable":true,"href":"https:\/\/xrgroup.offagency.it\/index.php?rest_route=%2Fwp%2Fv2%2Fcomments&post=3"}],"version-history":[{"count":2,"href":"https:\/\/xrgroup.offagency.it\/index.php?rest_route=\/wp\/v2\/pages\/3\/revisions"}],"predecessor-version":[{"id":3189,"href":"https:\/\/xrgroup.offagency.it\/index.php?rest_route=\/wp\/v2\/pages\/3\/revisions\/3189"}],"wp:attachment":[{"href":"https:\/\/xrgroup.offagency.it\/index.php?rest_route=%2Fwp%2Fv2%2Fmedia&parent=3"}],"curies":[{"name":"wp","href":"https:\/\/api.w.org\/{rel}","templated":true}]}}

<div class="fusion-fullwidth fullwidth-box fusion-builder-row-1 fusion-flex-container nonhundred-percent-fullwidth non-hundred-percent-height-scrolling" style="--awb-border-radius-top-left:0px;--awb-border-radius-top-right:0px;--awb-border-radius-bottom-right:0px;--awb-border-radius-bottom-left:0px;--awb-flex-wrap:wrap;" ><div class="fusion-builder-row fusion-row fusion-flex-align-items-flex-start fusion-flex-content-wrap" style="max-width:1372.8px;margin-left: calc(-4% / 2 );margin-right: calc(-4% / 2 );"><div class="fusion-layout-column fusion_builder_column fusion-builder-column-0 fusion_builder_column_1_1 1_1 fusion-flex-column" style="--awb-bg-size:cover;--awb-width-large:100%;--awb-margin-top-large:0px;--awb-spacing-right-large:1.92%;--awb-margin-bottom-large:0px;--awb-spacing-left-large:1.92%;--awb-width-medium:100%;--awb-spacing-right-medium:1.92%;--awb-spacing-left-medium:1.92%;--awb-width-small:100%;--awb-spacing-right-small:1.92%;--awb-spacing-left-small:1.92%;"><div class="fusion-column-wrapper fusion-flex-justify-content-flex-start fusion-content-layout-column"><div class="fusion-text fusion-text-1"><div class="site-inner">
<div class="content-sidebar-wrap"><main id="genesis-content" class="content entry-content"></p>
<article class="post-1221 page type-page status-publish entry" aria-label="Privacy">
<div class="entry-content">
<p><strong>NFORMATIVA PRIVACY</strong></p>
<p><strong>AI SENSI DELL’ARTICOLO 13 E 14 DEL REGOLAMENTO (UE) 2016/679</strong></p>
<p>Gentile Utente,</p>
<p>ai sensi degli articoli 13 e 14 del Regolamento UE 2016/679 (cd. <strong>GDPR</strong>) la informiamo sulle modalità con le quali tratteremo i suoi dati personali:</p>
<p><strong><em>Chi tratterà i suoi dati personali?</em></strong></p>
<p>I suoi dati personali saranno trattati da Idea Prestito S.r.l. (di seguito, anche solo “<strong>Idea Prestito</strong>”), con sede legale in 20135 Milano (MI), Via Augusto Anfossi n°36, che agirà in qualità di “<strong>Titolare del trattamento</strong>”; lei potrà contattare il Titolare del trattamento all’indirizzo e-mail: <span class="apbct-email-encoder" title="This contact has been encoded by Anti-Spam by CleanTalk. Click to decode. To finish the decoding make sure that JavaScript is enabled in your browser." data-original-string="2eZj8VpzzKl59WPRmPvpQQ==0f3svg+kuNIHiF9Iu8icqEUKZMkw7SL6If/fbP+iOk1x84=">di<span class="apbct-blur">reione</span>@<span class="apbct-blur">ideapresti</span>to.com</span>.</p>
<p>Il trattamento potrà avvenire, in nome e per conto di “<strong>Idea Prestito</strong>”, anche da parte di altri soggetti nominati a tal fine “<strong>Responsabili del trattamento</strong>”, appartenenti alle seguenti categorie: fornitori di servizi informatici.</p>
<p><strong><em>Come e perché saranno trattati i suoi dati?</em></strong></p>
<p>I tuoi dati – con riferimento a ciascuna specifica finalità – saranno trattati come segue:</p>
<table id="tablepress-2" class="tablepress tablepress-id-2">
<thead>
<tr class="row-1">
<th class="column-1"><strong>FINALITÀ</strong></th>
<th class="column-2"><strong>DATI</strong></th>
<th class="column-3"><strong>BASE GIURIDICA</strong></th>
<th class="column-4"><strong>CONSERVAZIONE</strong></th>
</tr>
</thead>
<tbody class="row-striping row-hover">
<tr class="row-2">
<td class="column-1">Richiesta preventivo</td>
<td class="column-2">Anagrafici Contatti Cookies (finalità 5)</td>
<td class="column-3">Esecuzione di un contratto</td>
<td class="column-4">10 anni dall’ultimo contatto</td>
</tr>
<tr class="row-3">
<td class="column-1">Riscontro a richieste di contatto (“Contatti”)</td>
<td class="column-2">Esecuzione di un contratto</td>
<td class="column-3">10 anni dall’ultimo contatto</td>
<td class="column-4"> </td>
</tr>
<tr class="row-4">
<td class="column-1">Area “<em>Lavora con noi</em>”</td>
<td class="column-2">Esecuzione di un contratto</td>
<td class="column-3">10 anni dall’ultimo contatto</td>
<td class="column-4"> </td>
</tr>
<tr class="row-5">
<td class="column-1">Riscontro a richieste di contatto tramite canali social (Facebook, Whatsapp e Twitter)</td>
<td class="column-2">Consenso (prestato al social network)</td>
<td class="column-3">Fino alla revoca del consenso</td>
<td class="column-4"> </td>
</tr>
<tr class="row-6">
<td class="column-1">Agevolazione nella navigazione (cookies) – per maggiori dettagli si rimanda alla Cookie Policy</td>
<td class="column-2">Interesse legittimo</td>
<td class="column-3">Fino al termine della navigazione</td>
<td class="column-4"> </td>
</tr>
<tr class="row-7">
<td class="column-1">Manutenzione, funzionamento e sicurezza dei sistemi informatici</td>
<td class="column-2">Interesse legittimo Obbligo legale del titolare</td>
<td class="column-3">Fino al termine dell’intervento</td>
<td class="column-4"> </td>
</tr>
</tbody>
</table>
<p><strong>Le specifichiamo, inoltre, quanto segue:</strong></p>
<p><strong>CONFERIMENTO</strong></p>
<p>In tutti quei casi in cui chiediamo il consenso al trattamento dei suoi dati personali, il loro conferimento è meramente facoltativo. Di conseguenza, il mancato conferimento dei suoi dati personali non avrà conseguenze, se non in termini di impossibilità di trattare i dati per tali specifiche finalità. In tutti gli altri casi in cui non richiediamo il consenso al trattamento dei suoi dati personali, il loro conferimento è invece obbligatorio e necessario per adempiere a disposizioni contrattuali o di legge e ai fini del corretto svolgimento dell’attività aziendale. Di conseguenza, il mancato conferimento non renderebbe possibile adempiere a tali prescrizioni e svolgere correttamente le attività aziendali.</p>
<p><strong>CATEGORIE DI DESTINATARI</strong></p>
<p>Non sono previsti ulteriori destinatari rispetto ai responsabili del trattamento.</p>
<p><strong>PROCEDIMENTI DECISIONALI AUTOMATIZZATI</strong></p>
<p>Non sono previsti procedimenti decisionali automatizzati.</p>
<p><strong>TRASFERIMENTI EXTRA UE</strong> <strong>O A ORGANIZZAZIONI INTERNAZIONALI</strong></p>
<p>Non sono previsti trasferimenti extra UE.</p>
<p><strong>LEGITTIMI INTERESSI DEL TITOLARE</strong></p>
<p>Il legittimo interesse del titolare indicato per la finalità di cui al numero <strong>5:</strong> è il corretto e fluido funzionamento del sito; <strong>6:</strong> è il corretto e sicuro svolgimento dell’attività aziendale.</p>
<p><strong><em>Quali saranno i suoi diritti?</em></strong></p>
<p>Lei potrà esercitare i seguenti diritti inviando specifica richiesta al Titolare del trattamento all’indirizzo e-mail: <span class="apbct-email-encoder" title="This contact has been encoded by Anti-Spam by CleanTalk. Click to decode. To finish the decoding make sure that JavaScript is enabled in your browser." data-original-string="W0VLUqmQh4qrC7O7ODI8gg==0f356KIGCldu8NRhtb6LYkP1VthNW7EY5cFlLMJTcTEv3I=">di<span class="apbct-blur">rezione</span>@<span class="apbct-blur">ideapresti</span>to.com</span>.</p>
<table id="tablepress-1" class="tablepress tablepress-id-1">
<thead>
<tr class="row-1">
<th class="column-1"><strong>DIRITTO</strong></th>
<th class="column-2"><strong>DESCRIZIONE</strong></th>
</tr>
</thead>
<tbody class="row-striping row-hover">
<tr class="row-2">
<td class="column-1"><strong>ACCESSO (<em>cfr. Articolo 15 GDPR)</em></strong></td>
<td class="column-2">Diritto di avere conferma dell’esistenza o meno del trattamento e di accedere ai dati stessi ed alle informazioni relative a: finalità del trattamento, categorie di dati trattati, eventuali destinatari, eventuali trasferimenti ed eventuali adeguate garanzie, periodo di conservazione, diritti dell’interessato, eventuale esistenza di un processo decisionale automatizzato. Il Titolare del trattamento fornisce una copia dei dati personali. Se la richiesta avviene mediante mezzi elettronici, e salvo indicazione diversa, le informazioni sono fornite in un formato elettronico di uso comune.</td>
</tr>
<tr class="row-3">
<td class="column-1"><strong>RETTIFICA (<em>cfr. Articolo 16 GDPR)</em></strong></td>
<td class="column-2">Diritto di ottenere la rettifica dei dati personali inesatti e l’integrazione dei dati personali incompleti.</td>
</tr>
<tr class="row-4">
<td class="column-1"><strong>CANCELLAZIONE (<em>cfr. Articolo 17 GDPR)</em></strong></td>
<td class="column-2">Diritto di ottenere la cancellazione dei dati personali che riguardano l’interessato se: non sono più necessari rispetto alle finalità, revoca il consenso (e non sussiste altro fondamento giuridico per il trattamento), si oppone al trattamento per motivi connessi alla sua situazione particolare (e non sussiste alcun motivo legittimo prevalente), si oppone al trattamento per finalità di marketing diretto, i dati personali sono trattati illecitamente, devono essere cancellati per adempiere un obbligo legale, sono stati raccolti relativamente all’offerta di servizi della società dell’informazione. Il diritto non si applica se il trattamento è necessario per l’esercizio del diritto alla libertà di espressione e di informazione, per l’adempimento di un obbligo legale, per l’esecuzione di un compito svolto nel pubblico interesse oppure nell’esercizio di pubblici poteri, per motivi di interesse pubblico nel settore della sanità, a fini di archiviazione nel pubblico interesse, di ricerca scientifica o storica o a fini statistici, per l’accertamento, l’esercizio o la difesa di un diritto in sede giudiziaria.</td>
</tr>
<tr class="row-5">
<td class="column-1"><strong>LIMITAZIONE (<em>cfr. Articolo 18 GDPR)</em></strong></td>
<td class="column-2">Diritto a richiedere la sola conservazione del dato se: l’interessato ha contestato l’esattezza dei dati (per il periodo necessario per verificarne l’esattezza), il trattamento è illecito (ma l’interessato ha richiesto la limitazione anziché la cancellazione), i dati sono necessari all’interessato in sede giudiziaria e, benché il titolare non ne abbia più bisogno, ha esercitato il diritto di opposizione (mentre il titolare verifica l’esistenza di motivi legittimi e prevalenti)</td>
</tr>
<tr class="row-6">
<td class="column-1"><strong>OPPOSIZIONE (<em>cfr. Articolo 20 GDPR)</em></strong></td>
<td class="column-2">Diritto di opporsi al trattamento dei propri dati se (i) esso è basato su interesse pubblico o interesse legittimo e (ii) se i dati sono trattati per finalità di marketing diretto, compresa la profilazione.</td>
</tr>
<tr class="row-7">
<td class="column-1"><strong>PORTABILITA’ (<em>cfr. Articolo 21 GDPR)</em></strong></td>
<td class="column-2">Diritto a ricevere i dati in un formato strutturato (solo per i trattamenti automatizzati).</td>
</tr>
<tr class="row-8">
<td class="column-1"><strong>REVOCA DEL CONSENSO <em>(cfr. Articolo 13, c.2, d)</em></strong></td>
<td class="column-2">Diritto a revocare il consenso in qualsiasi momento, ove previsto come base giuridica, senza pregiudicare la liceità del trattamento basata su di esso prima della revoca.</td>
</tr>
<tr class="row-9">
<td class="column-1"><strong>RECLAMO <em>(cfr. Articolo 13, c.2, d)</em></strong></td>
<td class="column-2">Diritto di proporre reclamo all’Autorità Garante per ogni presunta violazione del GDPR.</td>
</tr>
</tbody>
</table>
<p><strong>MODULI DI PRESA VISIONE</strong></p>
<p>E’ necessario inserire in calce ai diversi form di contatto la seguente frase da sottoscrivere a cura dell’utente del sito tramite flag, prima del trattamento.</p>
</div>
</article>
<p></main></div>
</div>
<div align="justify">
<p>Annuncio pubblicitario con finalità promozionale. Per tutte le condizioni contrattuali ed economiche del finanziamento e dell’eventuale polizza assicurativa facoltativa consultare rispettivamente le “Informazioni europee di base sul credito ai consumatori”, i “Fogli Informativi” e i “Set informativi” presso le Filiali o gli Agenti della Banca. L&#8217;agente in attività finanziaria può svolgere la promozione e la conclusione di contratti relativi alla concessione di finanziamenti nell&#8217;ambito del credito al consumo e assume stabilmente l’incarico di promuovere la conclusione di contratti esclusivamente nel territorio nazionale.</p>
</div>
</div></div></div></div></div>
